ed by 31?
25
What is the remainder when 128 is divided by 25?
3
What is the remainder when 276 is divided by 56?
52
What is the remainder when 42 is divided by 6?
0
Calculate the remainder when 135 is divided by 37.
24
Calculate the remainder when 376 is divided by 48.
40
What is the remainder when 201 is divided by 24?
9
What is the remainder when 1519 is divided by 25?
19
What is the remainder when 1898 is divided by 56?
50
What is the remainder when 10333 is divided by 68?
65
What is the remainder when 33032 is divided by 91?
90
What is the remainder when 495 is divided by 1?
0
What is the remainder when 11207 is divided by 3733?
8
Calculate the remainder when 20532 is divided by 14.
8
What is the remainder when 39 is divided by 15?
9
Calculate the remainder when 478 is divided by 12.
10
What is the remainder when 1191 is divided by 245?
211
Calculate the remainder when 253 is divided by 15.
13
What is the remainder when 135 is divided by 6?
3
Calculate the remainder when 244 is divided by 36.
28
Calculate the remainder when 216 is divided by 68.
12
What is the remainder when 324 is divided by 27?
0
What is the remainder when 2087 is divided by 72?
71
What is the remainder when 4 is divided by 2?
0
Calculate the remainder when 599 is divided by 578.
21
Calculate the remainder when 94 is divided by 12.
10
Calculate the remainder when 85 is divided by 55.
30
Calculate the remainder when 115 is divided by 32.
19
Calculate the remainder when 79 is divided by 71.
8
What is the remainder when 225 is divided by 24?
9
Calculate the remainder when 309 is divided by 79.
72
Calculate the remainder when 44 is divided by 8.
4
What is the remainder when 512 is divided by 86?
82
What is the remainder when 328 is divided by 136?
56
What is the remainder when 2897 is divided by 13?
11
Calculate the remainder when 578 is divided by 71.
10
Calculate the remainder when 51 is divided by 17.
0
What is the remainder when 894 is divided by 113?
103
What is the remainder when 5260 is divided by 27?
22
What is the remainder when 2380 is divided by 2357?
23
Calculate the remainder when 5390 is divided by 1789.
23
What is the remainder when 265 is divided by 126?
13
Calculate the remainder when 1486 is divided by 6.
4
Calculate the remainder when 125 is divided by 21.
20
Calculate the remainder when 315 is divided by 49.
21
Calculate the remainder when 678 is divided by 57.
51
What is the remainder when 200 is divided by 26?
18
Calculate the remainder when 2519 is divided by 821.
56
What is the remainder when 330 is divided by 21?
15
Calculate the remainder when 1661 is divided by 153.
131
Calculate the remainder when 644 is divided by 17.
15
What is the remainder when 83 is divided by 43?
40
Calculate the remainder when 227 is divided by 29.
24
Calculate the remainder when 8755 is divided by 58.
55
What is the remainder when 4041 is divided by 119?
114
Calculate the remainder when 426 is divided by 39.
36
Calculate the remainder when 591 is divided by 27.
24
What is the remainder when 316 is divided by 27?
19
Calculate the remainder when 2962 is divided by 249.
223
Calculate the remainder when 122 is divided by 34.
20
Calculate the remainder when 120 is divided by 39.
3
Calculate the remainder when 793 is divided by 98.
9
Calculate the remainder when 177 is divided by 38.
25
What is the remainder when 1216 is divided by 35?
26
What is the remainder when 113 is divided by 29?
26
Calculate the remainder when 5813 is divided by 188.
173
Calculate the remainder when 377 is divided by 167.
43
Calculate the remainder when 5497 is divided by 13.
11
What is the remainder when 77 is divided by 40?
37
Calculate the remainder when 5386 is divided by 22.
18
What is the remainder when 409 is divided by 107?
88
What is the remainder when 410 is divided by 225?
185
Calculate the remainder when 5125 is divided by 23.
19
Calculate the remainder when 91 is divided by 53.
38
Calculate the remainder when 58 is divided by 8.
2
What is the remainder when 95 is divided by 25?
20
What is the remainder when 53 is divided by 17?
2
What is the remainder when 1294 is divided by 81?
79
Calculate the remainder when 318 is divided by 18.
12
Calculate the remainder when 475 is divided by 125.
100
Calculate the remainder when 258 is divided by 9.
6
What is the remainder when 214 is divided by 36?
34
What is the remainder when 414 is divided by 44?
18
What is the remainder when 436 is divided by 141?
13
Calculate the remainder when 163 is divided by 13.
7
Calculate the remainder when 4901 is divided by 38.
37
Calculate the remainder when 40 is divided by 36.
4
Calculate the remainder when 184 is divided by 130.
54
What is the remainder when 4121 is divided by 81?
71
Calculate the remainder when 2699 is divided by 112.
11
What is the remainder when 52766 is divided by 32?
30
What is the remainder when 1488 is divided by 495?
3
Calculate the remainder when 120 is divided by 22.
10
Calculate the remainder when 588 is divided by 227.
134
Calculate the remainder when 615 is divided by 121.
10
Calculate the remainder when 1631 is divided by 39.
32
Calculate the remainder when 2377 is divided by 10.
7
Calculate the remainder when 1438 is divided by 141.
28
Calculate the remainder when 847 is divided by 168.
7
What is the remainder when 400 is divided by 31?
28
Calculate the remainder when 397 is divided by 20.
17
Calculate the remainder when 8358 is divided by 55.
53
Calculate the remainder when 2642 is divided by 23.
20
What is the remainder when 2302 is divided by 18?
16
What is the remainder when 580 is divided by 187?
19
What is the remainder when 377 is divided by 38?
35
What is the remainder when 154 is divided by 123?
31
Calculate the remainder when 376 is divided by 69.
31
What is the remainder when 62 is divided by 26?
10
What is the remainder when 660 is divided by 17?
14
Calculate the remainder when 846 is divided by 107.
97
What is the remainder when 4606 is divided by 63?
7
Calculate the remainder when 744 is divided by 132.
84
What is the remainder when 644 is divided by 34?
32
Calculate the remainder when 20 is divided by 20.
0
Calculate the remainder when 772 is divided by 244.
40
Calculate the remainder when 308 is divided by 114.
80
Calculate the remainder when 1609 is divided by 85.
79
What is the remainder when 137 is divided by 69?
68
Calculate the remainder when 553 is divided by 9.
4
Calculate the remainder when 205 is divided by 69.
67
Calculate the remainder when 733 is divided by 67.
63
Calculate the remainder when 530 is divided by 91.
75
What is the remainder when 13781 is divided by 77?
75
Calculate the remainder when 1637 is divided by 12.
5
What is the remainder when 200 is divided by 7?
4
What is the remainder when 51 is divided by 22?
7
What is the remainder when 41998 is divided by 150?
148
What is the remainder when 66 is divided by 14?
10
Calculate the remainder when 58 is divided by 12.
10
Calculate the remainder when 34 is divided by 7.
6
Calculate the remainder when 61 is divided by 33.
28
Calculate the remainder when 4059 is divided by 131.
129
Calculate the remainder when 177 is divided by 151.
26
Calculate the remainder when 904 is divided by 82.
2
Calculate the remainder when 110 is divided by 1.
0
Calculate the remainder when 3988 is divided by 1992.
4
Calculate the remainder when 43 is divided by 20.
3
Calculate the remainder when 233 is divided by 127.
106
What is the remainder when 1165 is divided by 16?
13
Calculate the remainder when 154 is divided by 50.
4
What is the remainder when 73 is divided by 57?
16
What is the remainder when 938 is divided by 184?
18
What is the remainder when 305 is divided by 38?
1
What is the remainder when 2076 is divided by 16?
12
Calculate the remainder when 139 is divided by 69.
1
Calculate the remainder when 622 is divided by 52.
50
Calculate the remainder when 239 is divided by 50.
39
What is the remainder when 129 is divided by 66?
63
Calculate the remainder when 548 is divided by 76.
16
Calculate the remainder when 237 is divided by 37.
15
Calculate the remainder when 265 is divided by 67.
64
Calculate the remainder when 1495 is divided by 88.
87
Calculate the remainder when 1033 is divided by 148.
145
What is the rem